et y = f - -21. What is the greatest common divisor of y and s?
2
Let u be 48/(-72) - (-166)/(-6)*-1. Let p = 1 + 14. Let z = u - p. What is the highest common divisor of z and 24?
12
Let v(r) = 3*r. Let x be v(1). Suppose 3*n - 12 + x = 0. Suppose -262 + 619 = n*l. What is the greatest common factor of l and 17?
17
Let y(r) be the second derivative of -r**4/12 + 7*r**3/3 - 4*r**2 - 5*r. Let i be y(10). Calculate the greatest common divisor of 16 and i.
16
Suppose 0 = -t + 4*s + 25, -5*t - 3*s + 39 = -40. Suppose -4*d = -161 - 43. What is the highest common divisor of d and t?
17
Let u(c) = c - 8. Let y be u(18). Calculate the highest common factor of 15 and y.
5
Let t = -4 - -26. What is the greatest common factor of 198 and t?
22
Suppose 30 = 3*y + 3*t, -4*y - 4*t = t - 42. Suppose y = f - 0*f. Calculate the highest common divisor of 12 and f.
4
Let g = 62 + -22. What is the greatest common divisor of 5 and g?
5
Suppose -1 = 3*j - 7. Suppose 0 = -3*t - 3*n + 3, j*t + 4*n = -1 + 3. Calculate the greatest common factor of t and 10.
1
Suppose -a = 3*s + 4*a - 48, 5*s + 2*a = 80. Let f be 64 + (0 - 1 - -1). What is the highest common factor of f and s?
16
Let w be (-30)/(-10) - (-12)/1. What is the greatest common divisor of w and 5?
5
Let v be 26/143 + (-1206)/(-22). Let g = -13 + 35. Calculate the highest common factor of g and v.
11
Let y(z) = z**3 + 2*z**2 + 2*z + 3. Let a be y(-2). Let o = a - -3. Let t be (4 - o)/((-1)/(-2)). What is the highest common factor of t and 44?
4
Let a be (-24)/32 + 198/8. Suppose 3*t - 4 = t. Suppose 6 = t*k - 6. What is the greatest common divisor of k and a?
6
Suppose -b - 4*b - 5*y = -470, -2*b = 4*y - 186. Let z = -40 - -59. What is the highest common factor of z and b?
19
Suppose -n - 45 = -4*n. What is the highest common divisor of 120 and n?
15
Suppose 4*g - 13 = -5*d, -4*d - 8 = 5*g - 22. Let k be (1 - (g + 10))*-1. What is the highest common divisor of k and 22?
11
Let h be (-2335)/(-10) - (-1)/2. Let r = h - 102. Calculate the greatest common factor of 22 and r.
22
Let g be 40/(-2)*1*-5. Suppose -3*s = 2*d - 5*d - 75, 2*s = 5*d + 62. Let t = -11 + s. Calculate the greatest common factor of t and g.
10
Suppose 4*o + r - 88 = 24, 0 = 5*o - r - 140. Suppose 0*d = 2*d - 140. What is the greatest common divisor of d and o?
14
Suppose -4*q - 398 = -4*j + 2*j, -4*q + 5*j - 383 = 0. Let z = q - -223. Calculate the highest common factor of 11 and z.
11
Suppose -2*t - 18 = -52. Let i(r) = 2*r**2 - 19*r - 38. Let c be i(16). What is the greatest common factor of c and t?
17
Let b be (0 - -2)*2/4. Suppose t + 2*m - 14 = -b, t = 4*m + 13. What is the greatest common factor of t and 143?
13
Let i = 68 - 67. Calculate the highest common divisor of i and 9.
1
Suppose -83*o - 144 = -85*o. What is the greatest common divisor of o and 8?
8
Let z(y) = 2*y - 6. Let d be z(13). Calculate the highest common factor of d and 140.
20
Let c(f) = f**2 + 6*f + 4. Let d be c(-4). Let s = d - -5. Let l be 15*-1*4/(-10). What is the greatest common divisor of s and l?
1
Let i be 25/(-4) - (-4)/16. Let f(x) = 3*x**2 + 2*x + 4*x**2 + 6 + 4*x + x**3. Let b be f(i). What is the highest common divisor of b and 12?
6
Let k(i) = -i**3 - 1. Let j(w) = -2*w**3 + w + 31. Let o(q) = -j(q) + 3*k(q). Let z be o(0). Let x = 48 + z. What is the highest common factor of 98 and x?
14
Let w = 54 + -41. Calculate the highest common divisor of w and 143.
13
Suppose 484 = 13*d - 2*d. Calculate the greatest common divisor of d and 66.
22
Suppose -84 = 2*m + 3*v, 0*v - 6 = 3*v. Let o be (-1 - 1)/(6/m). What is the highest common factor of o and 91?
13
Let n be ((-28)/(-3))/(10/15). Calculate the highest common divisor of n and 14.
14
Suppose -2*q + i + 39 = 17, -46 = -2*q - 5*i. Calculate the greatest common divisor of q and 65.
13
Let h = 0 - -5. Let p = -11 + h. Let z = p - -24. Calculate the highest common factor of z and 9.
9
Suppose n - 39 - 186 = 0. What is the greatest common divisor of 45 and n?
45
Suppose 5*m - k = 94, -74 = -3*m + 5*k - 0*k. Suppose 3*s = s + m. Calculate the greatest common divisor of 1 and s.
1
Let m(s) = -s. Let i be m(-3). Suppose 4*v + 0*v = 2*t + 44, i*v + 3*t = 33. What is the highest common factor of 1 and v?
1
Let z(f) = -5*f - 6. Let u(x) = -11*x - 13. Let v(h) = 6*u(h) - 13*z(h). Let y be v(-16). Calculate the greatest common divisor of y and 2.
2
Let o(t) = -8*t. Let m(d) = 16*d - 1. Let f(j) = -2*m(j) - 5*o(j). Let r be f(5). Calculate the highest common factor of r and 6.
6
Let i(t) = 7*t**2 - t - 6. Let m be i(-4). Calculate the highest common divisor of m and 10.
10
Suppose 2*m - h - 12 = 0, m - 3*h - 3 = 8. Suppose -5*f = -m*c + 5, c + f + f = -2. Suppose -3*n + c = -24. What is the greatest common factor of n and 64?
8
Let d be 3/6 + (-365)/(-10). What is the greatest common factor of 37 and d?
37
Let k be 6/(-10 + 4)*-2*5. What is the greatest common divisor of 130 and k?
10
Suppose 3*w - o - 10 = 0, 14 = w + 3*w - 2*o. Suppose -w*u - 5*a + 178 = 0, 2*a - 8 = -2*a. What is the highest common divisor of 8 and u?
8
Suppose -2*b = 11*b - 299. What is the greatest common divisor of 46 and b?
23
Let n(z) = z**2 + 17*z + 23. Let t be n(-16). Let l = 88 + t. Calculate the greatest common factor of 38 and l.
19
Let m = 90 + -62. Let l be 4/6 + 960/72. Calculate the greatest common factor of m and l.
14
Let z(u) = u + 13. Let h be z(-11). Suppose -2*p + 0*p - 2 = -i, 0 = 2*p. What is the greatest common factor of h and i?
2
Suppose 2 = -2*v + 4. Let o(k) = 37*k - 1. Let d be o(v). What is the greatest common factor of 4 and d?
4
Let c = -52 + 117. What is the greatest common factor of c and 39?
13
Let v be -1*(-2)/(-2)*-3. Suppose 84 = 5*s - 4*j, 0*s - 40 = -v*s + 5*j. What is the highest common divisor of 180 and s?
20
Suppose -3*y = 6, -g = -3*g - y + 50. Let d = 440 - 310. What is the highest common divisor of d and g?
26
Suppose 0*b = 2*b - 10. Suppose -2*v + b - 1 = 0. Suppose -5*o - 11 = -4*g, -2*g - 6*o = -o - 13. What is the greatest common factor of v and g?
2
Suppose 240 = 24*i - 21*i. Let c be ((-10)/(-3))/(2/6). Calculate the greatest common divisor of i and c.
10
Let k = 0 - -5. Let q be (k/3 - 2)*-9. Suppose 0 = -q*h - 0*h + 105. Calculate the greatest common divisor of h and 5.
5
Let m = 17 + -10. Suppose -3*w = -2*w - m. Let i be 2/(-8) - 225/(-4). Calculate the greatest common divisor of w and i.
7
Let t = -18 - -6. Let w be 3/(-5) + t/30. Let q be (-7)/(1/2 + w). Calculate the highest common factor of 98 and q.
14
Suppose 6*r = -2*r + 136. Calculate the greatest common divisor of r and 68.
17
Let o(s) = -2*s - 1. Let b be o(-1). Let x be 1 - 1 - (b - 1). Suppose -5*c + 3*c + 40 = x. What is the highest common divisor of 4 and c?
4
Suppose 10*k = 12*k - 22. Calculate the highest common divisor of 11 and k.
11
Suppose k + 4*c = 53, 2*k + c - 76 = -c. Suppose -2 = -w + k. Let n = -23 - -37. Calculate the highest common factor of n and w.
7
Let r be ((-8)/(-8))/((-1)/5). Let p = -2 - r. What is the highest common divisor of 21 and p?
3
Let a be 105/7 - (-1 + 0). Calculate the highest common divisor of 40 and a.
8
Let a = 14 + -12. Suppose -h = 3*k - 84, -a*k = -5*k + h + 78. What is the greatest common factor of 27 and k?
27
Suppose -4*s + 5*r = -571, 4*r - 1 = 3*r. Suppose -2*v - 10 = x, -4*x - 3*v = 42 - 2. Let q = 28 + x. What is the highest common divisor of q and s?
18
Suppose h = -7 + 19. Calculate the greatest common factor of h and 20.
4
Let f = 13 + -9. Let m(h) = h**2 + 3*h + 4. Let s be m(f). Suppose -800 = -3*x - 7*x. What is the highest common factor of s and x?
16
Suppose g = 6*g. Suppose 5*x - 52 - 28 = g. What is the greatest common factor of 144 and x?
16
Let j(g) = -g**2 + 2*g + 1. Let i be j(2). Calculate the greatest common divisor of 9 and i.
1
Suppose 5*s + 3*z - 16 = 87, 22 = s + 2*z. Calculate the greatest common factor of s and 60.
20
Let g = 20 - 5. Calculate the greatest common divisor of g and 3.
3
Suppose 2 = 3*s - 13. Suppose s*j - 2*j = 12. Let z(v) = v**2 + 4*v + 2. Let x be z(j). Calculate the greatest common divisor of x and 85.
17
Suppose 0 = -5*t + t + 152. Suppose 3*a = 2*a + 2. Suppose 3*v = -3*m + 48, -2*v + 13 = -m + a*m. Calculate the greatest common factor of